{"version":"1.0","provider_name":"Le Ch\u00e2teau de la Tour","provider_url":"https:\/\/www.lechateaudelatour.fr\/fr\/","author_name":"DEV PROD","author_url":"https:\/\/www.lechateaudelatour.fr\/fr\/actualites\/author\/dev\/","title":"Mme & Mr M. - Mars 2023 &#8211; Le Ch\u00e2teau de la Tour","type":"rich","width":600,"height":338,"html":"<blockquote class=\"wp-embedded-content\" data-secret=\"szhomqErd4\"><a href=\"https:\/\/www.lechateaudelatour.fr\/fr\/temoignages\/soiree-bel-canto-mme-mr-m-mars-2023\/\">Mme &#038; Mr M. &#8211; Mars 2023<\/a><\/blockquote><iframe sandbox=\"allow-scripts\" security=\"restricted\" src=\"https:\/\/www.lechateaudelatour.fr\/fr\/temoignages\/soiree-bel-canto-mme-mr-m-mars-2023\/embed\/#?secret=szhomqErd4\" width=\"600\" height=\"338\" title=\"\u00ab\u00a0Mme &#038; Mr M. &#8211; Mars 2023\u00a0\u00bb &#8212; Le Ch\u00e2teau de la Tour\" data-secret=\"szhomqErd4\" frameborder=\"0\" marginwidth=\"0\" marginheight=\"0\" scrolling=\"no\" class=\"wp-embedded-content\"><\/iframe><script type=\"text\/javascript\">\n\/* <![CDATA[ *\/\n\/*! This file is auto-generated *\/\n!function(d,l){\"use strict\";l.querySelector&&d.addEventListener&&\"undefined\"!=typeof URL&&(d.wp=d.wp||{},d.wp.receiveEmbedMessage||(d.wp.receiveEmbedMessage=function(e){var t=e.data;if((t||t.secret||t.message||t.value)&&!\/[^a-zA-Z0-9]\/.test(t.secret)){for(var s,r,n,a=l.querySelectorAll('iframe[data-secret=\"'+t.secret+'\"]'),o=l.querySelectorAll('blockquote[data-secret=\"'+t.secret+'\"]'),c=new RegExp(\"^https?:$\",\"i\"),i=0;i<o.length;i++)o[i].style.display=\"none\";for(i=0;i<a.length;i++)s=a[i],e.source===s.contentWindow&&(s.removeAttribute(\"style\"),\"height\"===t.message?(1e3<(r=parseInt(t.value,10))?r=1e3:~~r<200&&(r=200),s.height=r):\"link\"===t.message&&(r=new URL(s.getAttribute(\"src\")),n=new URL(t.value),c.test(n.protocol))&&n.host===r.host&&l.activeElement===s&&(d.top.location.href=t.value))}},d.addEventListener(\"message\",d.wp.receiveEmbedMessage,!1),l.addEventListener(\"DOMContentLoaded\",function(){for(var e,t,s=l.querySelectorAll(\"iframe.wp-embedded-content\"),r=0;r<s.length;r++)(t=(e=s[r]).getAttribute(\"data-secret\"))||(t=Math.random().toString(36).substring(2,12),e.src+=\"#?secret=\"+t,e.setAttribute(\"data-secret\",t)),e.contentWindow.postMessage({message:\"ready\",secret:t},\"*\")},!1)))}(window,document);\n\/\/# sourceURL=https:\/\/www.lechateaudelatour.fr\/wp-includes\/js\/wp-embed.min.js\n\/* ]]> *\/\n<\/script>\n","description":"Mon \u00e9pouse et moi-m\u00eame avons pass\u00e9 un tr\u00e8s agr\u00e9able moment \u00e0 l\u2019occasion de la soir\u00e9e lyrique ce samedi. F\u00e9licitations \u00e0 toute votre \u00e9quipe pour l\u2019initiative de l\u2019organisation d\u2019une soir\u00e9e \u00ab\u00a0bel canto\u00a0\u00bb et pour le\u00a0bon d\u00e9roulement du d\u00eener."}

Le Château de la Tour

Mme & Mr M. - Mars 2023 &#8211; Le Château de la Tour

<blockquote class="wp-embedded-content" data-secret="szhomqErd4"><a href="https://www.lechateaudelatour.fr/fr/temoignages/soiree-bel-canto-mme-mr-m-mars-2023/">Mme &#038; Mr M. &#8211; Mars 2023</a></blockquote><iframe sandbox="allow-scripts" security="restricted" src="https://www.lechateaudelatour.fr/fr/temoignages/soiree-bel-canto-mme-mr-m-mars-2023/embed/#?secret=szhomqErd4" width="600" height="338" title="« Mme &#038; Mr M. &#8211; Mars 2023 » &#8212; Le Château de la Tour" data-secret="szhomqErd4" frameborder="0" marginwidth="0" marginheight="0" scrolling="no" class="wp-embedded-content"></iframe><script type="text/javascript">
/* <![CDATA[ */
/*! This file is auto-generated */
!function(d,l){"use strict";l.querySelector&&d.addEventListener&&"undefined"!=typeof URL&&(d.wp=d.wp||{},d.wp.receiveEmbedMessage||(d.wp.receiveEmbedMessage=function(e){var t=e.data;if((t||t.secret||t.message||t.value)&&!/[^a-zA-Z0-9]/.test(t.secret)){for(var s,r,n,a=l.querySelectorAll('iframe[data-secret="'+t.secret+'"]'),o=l.querySelectorAll('blockquote[data-secret="'+t.secret+'"]'),c=new RegExp("^https?:$","i"),i=0;i<o.length;i++)o[i].style.display="none";for(i=0;i<a.length;i++)s=a[i],e.source===s.contentWindow&&(s.removeAttribute("style"),"height"===t.message?(1e3<(r=parseInt(t.value,10))?r=1e3:~~r<200&&(r=200),s.height=r):"link"===t.message&&(r=new URL(s.getAttribute("src")),n=new URL(t.value),c.test(n.protocol))&&n.host===r.host&&l.activeElement===s&&(d.top.location.href=t.value))}},d.addEventListener("message",d.wp.receiveEmbedMessage,!1),l.addEventListener("DOMContentLoaded",function(){for(var e,t,s=l.querySelectorAll("iframe.wp-embedded-content"),r=0;r<s.length;r++)(t=(e=s[r]).getAttribute("data-secret"))||(t=Math.random().toString(36).substring(2,12),e.src+="#?secret="+t,e.setAttribute("data-secret",t)),e.contentWindow.postMessage({message:"ready",secret:t},"*")},!1)))}(window,document);
//# sourceURL=https://www.lechateaudelatour.fr/wp-includes/js/wp-embed.min.js
/* ]]> */
</script>

Mon épouse et moi-même avons passé un très agréable moment à l’occasion de la soirée lyrique ce samedi. Félicitations à toute votre équipe pour l’initiative de l’organisation d’une soirée « bel canto » et pour le bon déroulement du dîner.
