{"id":302,"date":"2019-07-16T07:24:20","date_gmt":"2019-07-16T07:24:20","guid":{"rendered":"https:\/\/pre.lechateaudelatour.fr\/?page_id=302"},"modified":"2021-03-17T09:32:36","modified_gmt":"2021-03-17T09:32:36","slug":"demande-devis-seminaire","status":"publish","type":"page","link":"https:\/\/www.lechateaudelatour.fr\/fr\/seminaires\/demande-devis-seminaire\/","title":{"rendered":"Demande de devis"},"content":{"rendered":"","protected":false},"excerpt":{"rendered":"","protected":false},"author":2,"featured_media":0,"parent":89,"menu_order":7,"comment_status":"closed","ping_status":"closed","template":"","meta":{"_acf_changed":false,"footnotes":""},"class_list":["post-302","page","type-page","status-publish","hentry"],"acf":[],"yoast_head":"<!-- This site is optimized with the Yoast SEO plugin v26.9 - https:\/\/yoast.com\/product\/yoast-seo-wordpress\/ -->\n<title>~ Demande de devis &#8211; Le Ch\u00e2teau de la Tour<\/title>\n<meta name=\"description\" content=\"SITE OFFICIEL \u2705 Contactez le ch\u00e2teau de la Tour pr\u00e8s de Chantilly pour votre s\u00e9minaire en r\u00e9gion parisienne. Salles de travail, r\u00e9ception, restaurant et parc arbor\u00e9 \u00e0 1h de Paris.\" \/>\n<meta name=\"robots\" content=\"index, follow, max-snippet:-1, max-image-preview:large, max-video-preview:-1\" \/>\n<link rel=\"canonical\" href=\"https:\/\/www.lechateaudelatour.fr\/fr\/seminaires\/demande-devis-seminaire\/\" \/>\n<meta property=\"og:locale\" content=\"fr_FR\" \/>\n<meta property=\"og:type\" content=\"article\" \/>\n<meta property=\"og:title\" content=\"~ Demande de devis &#8211; Le Ch\u00e2teau de la Tour\" \/>\n<meta property=\"og:description\" content=\"SITE OFFICIEL \u2705 Contactez le ch\u00e2teau de la Tour pr\u00e8s de Chantilly pour votre s\u00e9minaire en r\u00e9gion parisienne. Salles de travail, r\u00e9ception, restaurant et parc arbor\u00e9 \u00e0 1h de Paris.\" \/>\n<meta property=\"og:url\" content=\"https:\/\/www.lechateaudelatour.fr\/fr\/seminaires\/demande-devis-seminaire\/\" \/>\n<meta property=\"og:site_name\" content=\"Le Ch\u00e2teau de la Tour\" \/>\n<meta property=\"article:modified_time\" content=\"2021-03-17T09:32:36+00:00\" \/>\n<meta name=\"twitter:card\" content=\"summary_large_image\" \/>\n<script type=\"application\/ld+json\" class=\"yoast-schema-graph\">{\"@context\":\"https:\/\/schema.org\",\"@graph\":[{\"@type\":\"WebPage\",\"@id\":\"https:\/\/www.lechateaudelatour.fr\/fr\/seminaires\/demande-devis-seminaire\/\",\"url\":\"https:\/\/www.lechateaudelatour.fr\/fr\/seminaires\/demande-devis-seminaire\/\",\"name\":\"~ Demande de devis &#8211; Le Ch\u00e2teau de la Tour\",\"isPartOf\":{\"@id\":\"https:\/\/www.lechateaudelatour.fr\/fr\/#website\"},\"datePublished\":\"2019-07-16T07:24:20+00:00\",\"dateModified\":\"2021-03-17T09:32:36+00:00\",\"description\":\"SITE OFFICIEL \u2705 Contactez le ch\u00e2teau de la Tour pr\u00e8s de Chantilly pour votre s\u00e9minaire en r\u00e9gion parisienne. Salles de travail, r\u00e9ception, restaurant et parc arbor\u00e9 \u00e0 1h de Paris.\",\"breadcrumb\":{\"@id\":\"https:\/\/www.lechateaudelatour.fr\/fr\/seminaires\/demande-devis-seminaire\/#breadcrumb\"},\"inLanguage\":\"fr-FR\",\"potentialAction\":[{\"@type\":\"ReadAction\",\"target\":[\"https:\/\/www.lechateaudelatour.fr\/fr\/seminaires\/demande-devis-seminaire\/\"]}]},{\"@type\":\"BreadcrumbList\",\"@id\":\"https:\/\/www.lechateaudelatour.fr\/fr\/seminaires\/demande-devis-seminaire\/#breadcrumb\",\"itemListElement\":[{\"@type\":\"ListItem\",\"position\":1,\"name\":\"Accueil\",\"item\":\"https:\/\/www.lechateaudelatour.fr\/fr\/\"},{\"@type\":\"ListItem\",\"position\":2,\"name\":\"S\u00e9minaires\",\"item\":\"https:\/\/www.lechateaudelatour.fr\/fr\/seminaires\/\"},{\"@type\":\"ListItem\",\"position\":3,\"name\":\"Demande de devis\"}]},{\"@type\":\"WebSite\",\"@id\":\"https:\/\/www.lechateaudelatour.fr\/fr\/#website\",\"url\":\"https:\/\/www.lechateaudelatour.fr\/fr\/\",\"name\":\"Le Ch\u00e2teau de la Tour\",\"description\":\"H\u00f4tel s\u00e9minaire et mariage \u00e0 Chantilly\",\"potentialAction\":[{\"@type\":\"SearchAction\",\"target\":{\"@type\":\"EntryPoint\",\"urlTemplate\":\"https:\/\/www.lechateaudelatour.fr\/fr\/?s={search_term_string}\"},\"query-input\":{\"@type\":\"PropertyValueSpecification\",\"valueRequired\":true,\"valueName\":\"search_term_string\"}}],\"inLanguage\":\"fr-FR\"}]}<\/script>\n<!-- \/ Yoast SEO plugin. -->","yoast_head_json":{"title":"~ Demande de devis &#8211; Le Ch\u00e2teau de la Tour","description":"SITE OFFICIEL \u2705 Contactez le ch\u00e2teau de la Tour pr\u00e8s de Chantilly pour votre s\u00e9minaire en r\u00e9gion parisienne. Salles de travail, r\u00e9ception, restaurant et parc arbor\u00e9 \u00e0 1h de Paris.","robots":{"index":"index","follow":"follow","max-snippet":"max-snippet:-1","max-image-preview":"max-image-preview:large","max-video-preview":"max-video-preview:-1"},"canonical":"https:\/\/www.lechateaudelatour.fr\/fr\/seminaires\/demande-devis-seminaire\/","og_locale":"fr_FR","og_type":"article","og_title":"~ Demande de devis &#8211; Le Ch\u00e2teau de la Tour","og_description":"SITE OFFICIEL \u2705 Contactez le ch\u00e2teau de la Tour pr\u00e8s de Chantilly pour votre s\u00e9minaire en r\u00e9gion parisienne. Salles de travail, r\u00e9ception, restaurant et parc arbor\u00e9 \u00e0 1h de Paris.","og_url":"https:\/\/www.lechateaudelatour.fr\/fr\/seminaires\/demande-devis-seminaire\/","og_site_name":"Le Ch\u00e2teau de la Tour","article_modified_time":"2021-03-17T09:32:36+00:00","twitter_card":"summary_large_image","schema":{"@context":"https:\/\/schema.org","@graph":[{"@type":"WebPage","@id":"https:\/\/www.lechateaudelatour.fr\/fr\/seminaires\/demande-devis-seminaire\/","url":"https:\/\/www.lechateaudelatour.fr\/fr\/seminaires\/demande-devis-seminaire\/","name":"~ Demande de devis &#8211; Le Ch\u00e2teau de la Tour","isPartOf":{"@id":"https:\/\/www.lechateaudelatour.fr\/fr\/#website"},"datePublished":"2019-07-16T07:24:20+00:00","dateModified":"2021-03-17T09:32:36+00:00","description":"SITE OFFICIEL \u2705 Contactez le ch\u00e2teau de la Tour pr\u00e8s de Chantilly pour votre s\u00e9minaire en r\u00e9gion parisienne. Salles de travail, r\u00e9ception, restaurant et parc arbor\u00e9 \u00e0 1h de Paris.","breadcrumb":{"@id":"https:\/\/www.lechateaudelatour.fr\/fr\/seminaires\/demande-devis-seminaire\/#breadcrumb"},"inLanguage":"fr-FR","potentialAction":[{"@type":"ReadAction","target":["https:\/\/www.lechateaudelatour.fr\/fr\/seminaires\/demande-devis-seminaire\/"]}]},{"@type":"BreadcrumbList","@id":"https:\/\/www.lechateaudelatour.fr\/fr\/seminaires\/demande-devis-seminaire\/#breadcrumb","itemListElement":[{"@type":"ListItem","position":1,"name":"Accueil","item":"https:\/\/www.lechateaudelatour.fr\/fr\/"},{"@type":"ListItem","position":2,"name":"S\u00e9minaires","item":"https:\/\/www.lechateaudelatour.fr\/fr\/seminaires\/"},{"@type":"ListItem","position":3,"name":"Demande de devis"}]},{"@type":"WebSite","@id":"https:\/\/www.lechateaudelatour.fr\/fr\/#website","url":"https:\/\/www.lechateaudelatour.fr\/fr\/","name":"Le Ch\u00e2teau de la Tour","description":"H\u00f4tel s\u00e9minaire et mariage \u00e0 Chantilly","potentialAction":[{"@type":"SearchAction","target":{"@type":"EntryPoint","urlTemplate":"https:\/\/www.lechateaudelatour.fr\/fr\/?s={search_term_string}"},"query-input":{"@type":"PropertyValueSpecification","valueRequired":true,"valueName":"search_term_string"}}],"inLanguage":"fr-FR"}]}},"_links":{"self":[{"href":"https:\/\/www.lechateaudelatour.fr\/fr\/wp-json\/wp\/v2\/pages\/302","targetHints":{"allow":["GET"]}}],"collection":[{"href":"https:\/\/www.lechateaudelatour.fr\/fr\/wp-json\/wp\/v2\/pages"}],"about":[{"href":"https:\/\/www.lechateaudelatour.fr\/fr\/wp-json\/wp\/v2\/types\/page"}],"author":[{"embeddable":true,"href":"https:\/\/www.lechateaudelatour.fr\/fr\/wp-json\/wp\/v2\/users\/2"}],"replies":[{"embeddable":true,"href":"https:\/\/www.lechateaudelatour.fr\/fr\/wp-json\/wp\/v2\/comments?post=302"}],"version-history":[{"count":8,"href":"https:\/\/www.lechateaudelatour.fr\/fr\/wp-json\/wp\/v2\/pages\/302\/revisions"}],"predecessor-version":[{"id":1321,"href":"https:\/\/www.lechateaudelatour.fr\/fr\/wp-json\/wp\/v2\/pages\/302\/revisions\/1321"}],"up":[{"embeddable":true,"href":"https:\/\/www.lechateaudelatour.fr\/fr\/wp-json\/wp\/v2\/pages\/89"}],"wp:attachment":[{"href":"https:\/\/www.lechateaudelatour.fr\/fr\/wp-json\/wp\/v2\/media?parent=302"}],"curies":[{"name":"wp","href":"https:\/\/api.w.org\/{rel}","templated":true}]}}

<!-- This site is optimized with the Yoast SEO plugin v26.9 - https://yoast.com/product/yoast-seo-wordpress/ -->
<title>~ Demande de devis &#8211; Le Château de la Tour</title>
<meta name="description" content="SITE OFFICIEL ✅ Contactez le château de la Tour près de Chantilly pour votre séminaire en région parisienne. Salles de travail, réception, restaurant et parc arboré à 1h de Paris." />
<meta name="robots" content="index, follow, max-snippet:-1, max-image-preview:large, max-video-preview:-1" />
<link rel="canonical" href="https://www.lechateaudelatour.fr/fr/seminaires/demande-devis-seminaire/" />
<meta property="og:locale" content="fr_FR" />
<meta property="og:type" content="article" />
<meta property="og:title" content="~ Demande de devis &#8211; Le Château de la Tour" />
<meta property="og:description" content="SITE OFFICIEL ✅ Contactez le château de la Tour près de Chantilly pour votre séminaire en région parisienne. Salles de travail, réception, restaurant et parc arboré à 1h de Paris." />
<meta property="og:url" content="https://www.lechateaudelatour.fr/fr/seminaires/demande-devis-seminaire/" />
<meta property="og:site_name" content="Le Château de la Tour" />
<meta property="article:modified_time" content="2021-03-17T09:32:36+00:00" />
<meta name="twitter:card" content="summary_large_image" />
<script type="application/ld+json" class="yoast-schema-graph">{"@context":"https://schema.org","@graph":[{"@type":"WebPage","@id":"https://www.lechateaudelatour.fr/fr/seminaires/demande-devis-seminaire/","url":"https://www.lechateaudelatour.fr/fr/seminaires/demande-devis-seminaire/","name":"~ Demande de devis &#8211; Le Château de la Tour","isPartOf":{"@id":"https://www.lechateaudelatour.fr/fr/#website"},"datePublished":"2019-07-16T07:24:20+00:00","dateModified":"2021-03-17T09:32:36+00:00","description":"SITE OFFICIEL ✅ Contactez le château de la Tour près de Chantilly pour votre séminaire en région parisienne. Salles de travail, réception, restaurant et parc arboré à 1h de Paris.","breadcrumb":{"@id":"https://www.lechateaudelatour.fr/fr/seminaires/demande-devis-seminaire/#breadcrumb"},"inLanguage":"fr-FR","potentialAction":[{"@type":"ReadAction","target":["https://www.lechateaudelatour.fr/fr/seminaires/demande-devis-seminaire/"]}]},{"@type":"BreadcrumbList","@id":"https://www.lechateaudelatour.fr/fr/seminaires/demande-devis-seminaire/#breadcrumb","itemListElement":[{"@type":"ListItem","position":1,"name":"Accueil","item":"https://www.lechateaudelatour.fr/fr/"},{"@type":"ListItem","position":2,"name":"Séminaires","item":"https://www.lechateaudelatour.fr/fr/seminaires/"},{"@type":"ListItem","position":3,"name":"Demande de devis"}]},{"@type":"WebSite","@id":"https://www.lechateaudelatour.fr/fr/#website","url":"https://www.lechateaudelatour.fr/fr/","name":"Le Château de la Tour","description":"Hôtel séminaire et mariage à Chantilly","potentialAction":[{"@type":"SearchAction","target":{"@type":"EntryPoint","urlTemplate":"https://www.lechateaudelatour.fr/fr/?s={search_term_string}"},"query-input":{"@type":"PropertyValueSpecification","valueRequired":true,"valueName":"search_term_string"}}],"inLanguage":"fr-FR"}]}</script>
<!-- / Yoast SEO plugin. -->

~ Demande de devis &#8211; Le Château de la Tour

SITE OFFICIEL ✅ Contactez le château de la Tour près de Chantilly pour votre séminaire en région parisienne. Salles de travail, réception, restaurant et parc arboré à 1h de Paris.

Le Château de la Tour

Séminaires

Hôtel séminaire et mariage à Chantilly
