{"id":1747,"date":"2022-04-04T11:38:06","date_gmt":"2022-04-04T11:38:06","guid":{"rendered":"https:\/\/www.lechateaudelatour.fr\/fr\/?post_type=temoignages&#038;p=1747"},"modified":"2022-04-04T11:38:06","modified_gmt":"2022-04-04T11:38:06","slug":"inserm-mars-2022","status":"publish","type":"temoignages","link":"https:\/\/www.lechateaudelatour.fr\/fr\/temoignages\/inserm-mars-2022\/","title":{"rendered":"INSERM &#8211; Mars 2022"},"content":{"rendered":"<p>Nous tenions \u00e0 vous remercier tr\u00e8s sinc\u00e8rement pour votre accueil au Ch\u00e2teau de la Tour, lors de notre s\u00e9minaire, qui s&rsquo;est tr\u00e8s bien d\u00e9roul\u00e9 et a \u00e9t\u00e9 tr\u00e8s convivial et constructif.<\/p>\n<p>A la fois dans un environnement tr\u00e8s agr\u00e9able, et avec des prestations de qualit\u00e9 qui ont \u00e9t\u00e9 vraiment fid\u00e8les \u00e0 nos attentes (service, repas, pauses et de belles salles pour nous accueillir).<\/p>\n<p>Nous tenons \u00e0 remercier Monsieur Merli qui a su nous prendre en charge et nous mettre \u00e0 l&rsquo;aise avec beaucoup de professionnalisme d\u00e8s notre arriv\u00e9e le premier jour.<\/p>\n<p>Nous adressons tous nos remerciements \u00e0 l&rsquo;ensemble de votre \u00e9quipe, tr\u00e8s pr\u00e9sente, \u00e0 l&rsquo;\u00e9coute et qui a d\u00e9montr\u00e9 une qualit\u00e9 de service irr\u00e9prochable, avec sourire et discr\u00e9tion pendant tout le d\u00e9roulement de ces deux jours.<\/p>\n","protected":false},"template":"","meta":{"_acf_changed":false,"footnotes":""},"class_list":["post-1747","temoignages","type-temoignages","status-publish","hentry","categorie_temoignage-seminaire"],"acf":[],"yoast_head":"<!-- This site is optimized with the Yoast SEO plugin v26.9 - https:\/\/yoast.com\/product\/yoast-seo-wordpress\/ -->\n<title>INSERM - Mars 2022 &#8211; Le Ch\u00e2teau de la Tour<\/title>\n<meta name=\"robots\" content=\"index, follow, max-snippet:-1, max-image-preview:large, max-video-preview:-1\" \/>\n<link rel=\"canonical\" href=\"https:\/\/www.lechateaudelatour.fr\/fr\/temoignages\/inserm-mars-2022\/\" \/>\n<meta property=\"og:locale\" content=\"fr_FR\" \/>\n<meta property=\"og:type\" content=\"article\" \/>\n<meta property=\"og:title\" content=\"INSERM - Mars 2022 &#8211; Le Ch\u00e2teau de la Tour\" \/>\n<meta property=\"og:description\" content=\"Nous tenions \u00e0 vous remercier tr\u00e8s sinc\u00e8rement pour votre accueil au Ch\u00e2teau de la Tour, lors de notre s\u00e9minaire, qui s&rsquo;est tr\u00e8s bien d\u00e9roul\u00e9 et a \u00e9t\u00e9 tr\u00e8s convivial et constructif. A la fois dans un environnement tr\u00e8s agr\u00e9able, et avec des prestations de qualit\u00e9 qui ont \u00e9t\u00e9 vraiment fid\u00e8les \u00e0 nos attentes (service, repas, [&hellip;]\" \/>\n<meta property=\"og:url\" content=\"https:\/\/www.lechateaudelatour.fr\/fr\/temoignages\/inserm-mars-2022\/\" \/>\n<meta property=\"og:site_name\" content=\"Le Ch\u00e2teau de la Tour\" \/>\n<meta name=\"twitter:card\" content=\"summary_large_image\" \/>\n<meta name=\"twitter:label1\" content=\"Dur\u00e9e de lecture estim\u00e9e\" \/>\n\t<meta name=\"twitter:data1\" content=\"1 minute\" \/>\n<script type=\"application\/ld+json\" class=\"yoast-schema-graph\">{\"@context\":\"https:\/\/schema.org\",\"@graph\":[{\"@type\":\"WebPage\",\"@id\":\"https:\/\/www.lechateaudelatour.fr\/fr\/temoignages\/inserm-mars-2022\/\",\"url\":\"https:\/\/www.lechateaudelatour.fr\/fr\/temoignages\/inserm-mars-2022\/\",\"name\":\"INSERM - Mars 2022 &#8211; Le Ch\u00e2teau de la Tour\",\"isPartOf\":{\"@id\":\"https:\/\/www.lechateaudelatour.fr\/fr\/#website\"},\"datePublished\":\"2022-04-04T11:38:06+00:00\",\"breadcrumb\":{\"@id\":\"https:\/\/www.lechateaudelatour.fr\/fr\/temoignages\/inserm-mars-2022\/#breadcrumb\"},\"inLanguage\":\"fr-FR\",\"potentialAction\":[{\"@type\":\"ReadAction\",\"target\":[\"https:\/\/www.lechateaudelatour.fr\/fr\/temoignages\/inserm-mars-2022\/\"]}]},{\"@type\":\"BreadcrumbList\",\"@id\":\"https:\/\/www.lechateaudelatour.fr\/fr\/temoignages\/inserm-mars-2022\/#breadcrumb\",\"itemListElement\":[{\"@type\":\"ListItem\",\"position\":1,\"name\":\"Accueil\",\"item\":\"https:\/\/www.lechateaudelatour.fr\/fr\/\"},{\"@type\":\"ListItem\",\"position\":2,\"name\":\"T\u00e9moignages\",\"item\":\"https:\/\/www.lechateaudelatour.fr\/fr\/temoignages\/\"},{\"@type\":\"ListItem\",\"position\":3,\"name\":\"INSERM &#8211; Mars 2022\"}]},{\"@type\":\"WebSite\",\"@id\":\"https:\/\/www.lechateaudelatour.fr\/fr\/#website\",\"url\":\"https:\/\/www.lechateaudelatour.fr\/fr\/\",\"name\":\"Le Ch\u00e2teau de la Tour\",\"description\":\"H\u00f4tel s\u00e9minaire et mariage \u00e0 Chantilly\",\"potentialAction\":[{\"@type\":\"SearchAction\",\"target\":{\"@type\":\"EntryPoint\",\"urlTemplate\":\"https:\/\/www.lechateaudelatour.fr\/fr\/?s={search_term_string}\"},\"query-input\":{\"@type\":\"PropertyValueSpecification\",\"valueRequired\":true,\"valueName\":\"search_term_string\"}}],\"inLanguage\":\"fr-FR\"}]}<\/script>\n<!-- \/ Yoast SEO plugin. -->","yoast_head_json":{"title":"INSERM - Mars 2022 &#8211; Le Ch\u00e2teau de la Tour","robots":{"index":"index","follow":"follow","max-snippet":"max-snippet:-1","max-image-preview":"max-image-preview:large","max-video-preview":"max-video-preview:-1"},"canonical":"https:\/\/www.lechateaudelatour.fr\/fr\/temoignages\/inserm-mars-2022\/","og_locale":"fr_FR","og_type":"article","og_title":"INSERM - Mars 2022 &#8211; Le Ch\u00e2teau de la Tour","og_description":"Nous tenions \u00e0 vous remercier tr\u00e8s sinc\u00e8rement pour votre accueil au Ch\u00e2teau de la Tour, lors de notre s\u00e9minaire, qui s&rsquo;est tr\u00e8s bien d\u00e9roul\u00e9 et a \u00e9t\u00e9 tr\u00e8s convivial et constructif. A la fois dans un environnement tr\u00e8s agr\u00e9able, et avec des prestations de qualit\u00e9 qui ont \u00e9t\u00e9 vraiment fid\u00e8les \u00e0 nos attentes (service, repas, [&hellip;]","og_url":"https:\/\/www.lechateaudelatour.fr\/fr\/temoignages\/inserm-mars-2022\/","og_site_name":"Le Ch\u00e2teau de la Tour","twitter_card":"summary_large_image","twitter_misc":{"Dur\u00e9e de lecture estim\u00e9e":"1 minute"},"schema":{"@context":"https:\/\/schema.org","@graph":[{"@type":"WebPage","@id":"https:\/\/www.lechateaudelatour.fr\/fr\/temoignages\/inserm-mars-2022\/","url":"https:\/\/www.lechateaudelatour.fr\/fr\/temoignages\/inserm-mars-2022\/","name":"INSERM - Mars 2022 &#8211; Le Ch\u00e2teau de la Tour","isPartOf":{"@id":"https:\/\/www.lechateaudelatour.fr\/fr\/#website"},"datePublished":"2022-04-04T11:38:06+00:00","breadcrumb":{"@id":"https:\/\/www.lechateaudelatour.fr\/fr\/temoignages\/inserm-mars-2022\/#breadcrumb"},"inLanguage":"fr-FR","potentialAction":[{"@type":"ReadAction","target":["https:\/\/www.lechateaudelatour.fr\/fr\/temoignages\/inserm-mars-2022\/"]}]},{"@type":"BreadcrumbList","@id":"https:\/\/www.lechateaudelatour.fr\/fr\/temoignages\/inserm-mars-2022\/#breadcrumb","itemListElement":[{"@type":"ListItem","position":1,"name":"Accueil","item":"https:\/\/www.lechateaudelatour.fr\/fr\/"},{"@type":"ListItem","position":2,"name":"T\u00e9moignages","item":"https:\/\/www.lechateaudelatour.fr\/fr\/temoignages\/"},{"@type":"ListItem","position":3,"name":"INSERM &#8211; Mars 2022"}]},{"@type":"WebSite","@id":"https:\/\/www.lechateaudelatour.fr\/fr\/#website","url":"https:\/\/www.lechateaudelatour.fr\/fr\/","name":"Le Ch\u00e2teau de la Tour","description":"H\u00f4tel s\u00e9minaire et mariage \u00e0 Chantilly","potentialAction":[{"@type":"SearchAction","target":{"@type":"EntryPoint","urlTemplate":"https:\/\/www.lechateaudelatour.fr\/fr\/?s={search_term_string}"},"query-input":{"@type":"PropertyValueSpecification","valueRequired":true,"valueName":"search_term_string"}}],"inLanguage":"fr-FR"}]}},"_links":{"self":[{"href":"https:\/\/www.lechateaudelatour.fr\/fr\/wp-json\/wp\/v2\/temoignages\/1747","targetHints":{"allow":["GET"]}}],"collection":[{"href":"https:\/\/www.lechateaudelatour.fr\/fr\/wp-json\/wp\/v2\/temoignages"}],"about":[{"href":"https:\/\/www.lechateaudelatour.fr\/fr\/wp-json\/wp\/v2\/types\/temoignages"}],"version-history":[{"count":1,"href":"https:\/\/www.lechateaudelatour.fr\/fr\/wp-json\/wp\/v2\/temoignages\/1747\/revisions"}],"predecessor-version":[{"id":1748,"href":"https:\/\/www.lechateaudelatour.fr\/fr\/wp-json\/wp\/v2\/temoignages\/1747\/revisions\/1748"}],"wp:attachment":[{"href":"https:\/\/www.lechateaudelatour.fr\/fr\/wp-json\/wp\/v2\/media?parent=1747"}],"curies":[{"name":"wp","href":"https:\/\/api.w.org\/{rel}","templated":true}]}}

<p>Nous tenions à vous remercier très sincèrement pour votre accueil au Château de la Tour, lors de notre séminaire, qui s&rsquo;est très bien déroulé et a été très convivial et constructif.</p>
<p>A la fois dans un environnement très agréable, et avec des prestations de qualité qui ont été vraiment fidèles à nos attentes (service, repas, pauses et de belles salles pour nous accueillir).</p>
<p>Nous tenons à remercier Monsieur Merli qui a su nous prendre en charge et nous mettre à l&rsquo;aise avec beaucoup de professionnalisme dès notre arrivée le premier jour.</p>
<p>Nous adressons tous nos remerciements à l&rsquo;ensemble de votre équipe, très présente, à l&rsquo;écoute et qui a démontré une qualité de service irréprochable, avec sourire et discrétion pendant tout le déroulement de ces deux jours.</p>

<!-- This site is optimized with the Yoast SEO plugin v26.9 - https://yoast.com/product/yoast-seo-wordpress/ -->
<title>INSERM - Mars 2022 &#8211; Le Château de la Tour</title>
<meta name="robots" content="index, follow, max-snippet:-1, max-image-preview:large, max-video-preview:-1" />
<link rel="canonical" href="https://www.lechateaudelatour.fr/fr/temoignages/inserm-mars-2022/" />
<meta property="og:locale" content="fr_FR" />
<meta property="og:type" content="article" />
<meta property="og:title" content="INSERM - Mars 2022 &#8211; Le Château de la Tour" />
<meta property="og:description" content="Nous tenions à vous remercier très sincèrement pour votre accueil au Château de la Tour, lors de notre séminaire, qui s&rsquo;est très bien déroulé et a été très convivial et constructif. A la fois dans un environnement très agréable, et avec des prestations de qualité qui ont été vraiment fidèles à nos attentes (service, repas, [&hellip;]" />
<meta property="og:url" content="https://www.lechateaudelatour.fr/fr/temoignages/inserm-mars-2022/" />
<meta property="og:site_name" content="Le Château de la Tour" />
<meta name="twitter:card" content="summary_large_image" />
<meta name="twitter:label1" content="Durée de lecture estimée" />
	<meta name="twitter:data1" content="1 minute" />
<script type="application/ld+json" class="yoast-schema-graph">{"@context":"https://schema.org","@graph":[{"@type":"WebPage","@id":"https://www.lechateaudelatour.fr/fr/temoignages/inserm-mars-2022/","url":"https://www.lechateaudelatour.fr/fr/temoignages/inserm-mars-2022/","name":"INSERM - Mars 2022 &#8211; Le Château de la Tour","isPartOf":{"@id":"https://www.lechateaudelatour.fr/fr/#website"},"datePublished":"2022-04-04T11:38:06+00:00","breadcrumb":{"@id":"https://www.lechateaudelatour.fr/fr/temoignages/inserm-mars-2022/#breadcrumb"},"inLanguage":"fr-FR","potentialAction":[{"@type":"ReadAction","target":["https://www.lechateaudelatour.fr/fr/temoignages/inserm-mars-2022/"]}]},{"@type":"BreadcrumbList","@id":"https://www.lechateaudelatour.fr/fr/temoignages/inserm-mars-2022/#breadcrumb","itemListElement":[{"@type":"ListItem","position":1,"name":"Accueil","item":"https://www.lechateaudelatour.fr/fr/"},{"@type":"ListItem","position":2,"name":"Témoignages","item":"https://www.lechateaudelatour.fr/fr/temoignages/"},{"@type":"ListItem","position":3,"name":"INSERM &#8211; Mars 2022"}]},{"@type":"WebSite","@id":"https://www.lechateaudelatour.fr/fr/#website","url":"https://www.lechateaudelatour.fr/fr/","name":"Le Château de la Tour","description":"Hôtel séminaire et mariage à Chantilly","potentialAction":[{"@type":"SearchAction","target":{"@type":"EntryPoint","urlTemplate":"https://www.lechateaudelatour.fr/fr/?s={search_term_string}"},"query-input":{"@type":"PropertyValueSpecification","valueRequired":true,"valueName":"search_term_string"}}],"inLanguage":"fr-FR"}]}</script>
<!-- / Yoast SEO plugin. -->

INSERM - Mars 2022 &#8211; Le Château de la Tour

Nous tenions à vous remercier très sincèrement pour votre accueil au Château de la Tour, lors de notre séminaire, qui s&rsquo;est très bien déroulé et a été très convivial et constructif. A la fois dans un environnement très agréable, et avec des prestations de qualité qui ont été vraiment fidèles à nos attentes (service, repas, [&hellip;]

Le Château de la Tour

Témoignages

Hôtel séminaire et mariage à Chantilly
